, 5*q = 4*r - 1409. What is the hundreds digit of r?
3
Let b = 115 + -1. Let d be (9870/252)/((-1)/(-6)). Let a = d - b. What is the hundreds digit of a?
1
Let x(j) be the first derivative of 105*j**2 + 4*j - 11. What is the tens digit of x(2)?
2
Let c be -4 + 0 - 63/3. Let t be (-10)/c + (-38)/(-5). Suppose -t*b = -10*b + 126. What is the tens digit of b?
6
Let x(t) = 1006*t - 202. Suppose 4*g - 5*k - 3 = 0, 3*g + 5*k - 5 = 6. What is the thousands digit of x(g)?
1
Suppose -5*k - o - 13 = 0, -5*k = 5*o + 22 + 3. What is the hundreds digit of 653 + (3 - 1) + k + 1?
6
Let g be 139 + -6 - ((2 - 0) + 0). Let d = g - -520. Suppose 3*q = -4*q + d. What is the tens digit of q?
9
Let h(s) = 29*s**2 - 12*s - 40. Let q be h(10). Suppose -a + 610 = 2*c - 762, -4*c + q = 4*a. What is the tens digit of c?
8
Let h = 278 + -157. Let f = -83 + h. Suppose -80 = f*s - 43*s. What is the units digit of s?
6
Let t be (-18)/(-36) - 10/(-4). Suppose -2*m = 3*m + t*a - 997, -m + 5*a = -205. What is the hundreds digit of m?
2
Let h(r) = 2*r**2 + 23*r + 20. Let j be -18*3/(-6) - 0. Suppose -j = 2*d + 21. What is the tens digit of h(d)?
2
Suppose 76*z - 80*z = -20. Suppose 4*k - 3852 = 2*d, -z*d = -8*k + 5*k + 2889. What is the units digit of k?
3
Let f(q) = -6*q + 217*q**2 + 0*q + 5 - 214*q**2. Suppose 5*x - x - 28 = 0. What is the units digit of f(x)?
0
What is the units digit of (-20)/15 - -2 - 4584625/(-75)?
9
Suppose -4*p = -15149 - 4771. Suppose 21*s - p = 4617. What is the hundreds digit of s?
4
Suppose -1313587 - 833468 = -51*a - 471603. What is the ten thousands digit of a?
3
Let g be -94*2/(-4) - (-9)/3. Suppose 61*m = g*m + 4312. What is the units digit of m?
2
Let k be ((-102)/8)/(-3) + (-17)/68. Suppose -k*b = -b - 1413. What is the units digit of b?
1
Suppose 2*v + 4 = 2*s, -7 - 11 = -3*v - 3*s. Suppose 146 = v*t - 28. What is the units digit of t?
7
Suppose -2*f - 926 = 2*q, -2*f + q = f + 1405. Let a = f + 587. What is the tens digit of a?
2
Suppose -570877 = 50*b - 1690277. What is the units digit of b?
8
Let u(g) = -559*g - 295. What is the thousands digit of u(-34)?
8
Let d be (2 - (-17 - -4))/(-1). Let h be (-9)/(-15) - (-9)/d. Suppose -5*a + 432 - 137 = h. What is the tens digit of a?
5
Let x = -21457 + 35334. What is the thousands digit of x?
3
Suppose -5 = 3*p + 7. Let k be 35/p*2*6. What is the tens digit of (-30)/k - 355/(-7)?
5
Let t(x) = 664*x - 1503. What is the hundreds digit of t(26)?
7
Suppose -24 = 19*q - 25*q. Let f be q - (-38 - (4 + 0)). Suppose m - 47 = -f. What is the units digit of m?
1
Let a = 18498 - 5522. What is the thousands digit of a?
2
Let h(o) = -6*o - 5. Let t(u) = -6*u - 6. Let z(b) = -5*h(b) + 4*t(b). Let p be z(1). Suppose -341 + 880 = p*s. What is the tens digit of s?
7
Let t be ((-20)/(-25))/(2 - 11/5). Let k be (-2)/t*((2 - -5) + 3). Suppose 5*y + 355 = k*b, -49 = -2*b - 4*y + 93. What is the units digit of b?
1
Let o = -340 - -345. Suppose -o*n - h = -5778, -2*n + 2*h - 161 = -2477. What is the units digit of n?
6
Let u be 5/10*-12 - 72. Let m = 403 + u. What is the tens digit of m?
2
Let x = 4429 + -4552. Suppose -3*w + 537 = 3*n, w + 4*w + 2*n - 895 = 0. Let u = w + x. What is the tens digit of u?
5
Suppose -89*h + 1967311 = 60*h + 248149. What is the tens digit of h?
3
Suppose -3*p + 2*p + 54 = 0. Suppose 3*s + 0*g + p = 3*g, -2*s = 2*g + 44. Let y = 89 + s. What is the units digit of y?
9
Let k = -2897 + 7941. Let d be (-3)/6 - k/(-8). Suppose 2*z = 5*o - 58 - d, -5*o + 694 = 4*z. What is the tens digit of o?
3
Suppose -15245 = 14*s - 559. Let i = -498 - s. What is the hundreds digit of i?
5
Let v(s) = s**3 + 8*s**2 + 15*s + 16. Let u be v(-7). Let x = 187 + u. Suppose 0 = 4*g - 4*c + 7*c - x, 5*g - c = 198. What is the tens digit of g?
3
Let x(j) = -6225*j + 10913. What is the units digit of x(-11)?
8
Let c(k) = 96*k**3 + 4*k**2 + 6*k + 4. Let w be c(4). Suppose -8*b = w - 14916. What is the hundreds digit of b?
0
Let y(a) be the second derivative of -2*a + 0*a**3 - 2*a**2 + 1/4*a**4 + 0. What is the hundreds digit of y(-6)?
1
Let v = 13014 + -894. What is the units digit of v?
0
What is the tens digit of (-1388220)/(-27) - (86/9 + -10)?
1
Suppose -27*u + 42042 = -u. Let n = u + -59. What is the tens digit of n?
5
Let m = 22076 + 13768. What is the units digit of m?
4
Let w(a) = 19*a - 94. Let q be w(6). Suppose 0 = -q*g + 6025 + 28115. What is the thousands digit of g?
1
Let i be ((-316)/3)/((-68)/306). What is the units digit of (i/9)/(5/(4*15))?
2
Suppose 2*a + 4 = -3*c, 7*c - 1 = -3*a + 6*c. What is the units digit of -6*a - (-377 - -9)?
2
Suppose 0 = 2*c - 0*c. Suppose c = 4*a + 52 - 4. What is the hundreds digit of -1*(1616/a + (-4)/(-6))?
1
Let g(n) be the second derivative of 0*n**2 + 4/3*n**3 + 18*n + 17/12*n**4 + 0. What is the units digit of g(-3)?
9
Let h = 112 + -87. Let a be (17 - 15)/(2 - h/12). Let q = -16 - a. What is the units digit of q?
8
What is the hundreds digit of 45854/10 + 1911/(-1365)?
5
Let y = -362 - -160. Let j = -138 - y. Suppose -j = -q + 2*h, -q - 4 + 82 = 5*h. What is the tens digit of q?
6
Let s(o) = 12*o**2 - 5*o - 7. Let g = -44 - -48. Let m be s(g). Let v = m - -8. What is the units digit of v?
3
Let w(k) = -17*k - 95. Let i be w(-6). What is the hundreds digit of 2405/i - 6/(-14)?
3
Let j be (-1)/(-6 + 5 - 6/(-7)). Suppose 0*d = -j*d + 3752. What is the hundreds digit of d?
5
Suppose 167*n - 87*n - 45*n = 82985. What is the thousands digit of n?
2
Let u(r) = 3 - 3*r**2 + 33 + 34*r**2 - 66*r + r**3 - 6. What is the units digit of u(-32)?
8
Let y be 0/3 + (1 - 0). Suppose t + 4*o = 112, t = -2*o - y + 111. What is the tens digit of t?
0
Suppose -5*f + 63 - 33 = 0. Suppose -4*s = -5*j + 10, 10 - 4 = -2*s + 3*j. Suppose s = z - f*z + 470. What is the units digit of z?
4
Suppose 178 = 50*w - 72. Suppose 3*l - w*s = 1121, -4*l + s = 4*s - 1485. What is the hundreds digit of l?
3
Let a(d) = 11*d**2 - 4*d**2 + d**3 + 4*d**2 + 3. Let z be a(-11). Suppose 855 = 8*o - z*o. What is the hundreds digit of o?
1
Suppose -21*y - 63 = -24*y. Let g = y + 382. Suppose 3*x = 2*f - 262, -3*f - x + 1 = -g. What is the tens digit of f?
3
Suppose 5*z + 4*q + 10 = 0, 2*z + 4*q + 17 = 1. Let r be (4 - -3 - 5)/(z/157). Let t = r - 48. What is the tens digit of t?
0
Let k be 1/2*(-3 + -335). Let t = 137 + -257. Let m = t - k. What is the tens digit of m?
4
Let j(y) be the third derivative of 37*y**4/24 + 7*y**3/2 - 2*y**2 + 5. What is the units digit of j(12)?
5
What is the tens digit of ((-2)/(-4))/(14/56)*11906?
1
Suppose -3*h + 301 = 4*m, 4*m + 7*h = 2*h + 291. Let z = m - 19. What is the units digit of z?
0
Suppose 4*n - 5144 = -5*p, -n + 1715 + 2398 = 4*p. Suppose h + d = 1013, 5*h = 4*h + 2*d + p. What is the units digit of h?
8
Let f(r) = 48*r - 7 - 15*r + 41 - 16*r - 16*r. Let p be 2 + -2 + 9 + 2. What is the tens digit of f(p)?
4
Suppose 3*p - 69 - 450 = 0. Let l = p + 144. What is the tens digit of l?
1
Let p(l) be the third derivative of l**5/60 - 23*l**4/24 + 22*l**3/3 - 4*l**2. Let d be p(27). Suppose -3*x = -154 - d. What is the hundreds digit of x?
1
Let x be 16/20 + (123426/30 - 6). Suppose 3*u + x = 5*a, -2*u - 3286 = -22*a + 18*a. What is the hundreds digit of a?
8
Let i = 308 + -666. What is the thousands digit of (i/(-2))/(9/81)?
1
Let d be -5*7/(-140)*1668. What is the tens digit of (6 - 0) + d + 26?
4
Let z(j) = 25*j + 135. Let p be z(36). Suppose 2*a = -2*d + 694, -14*a + 5*d = -17*a + p. What is the hundreds digit of a?
3
Let m be 18/30 + 2352/(-20). Let j = m - -312. What is the units digit of j?
5
Let c(k) = 5*k**2 + 3*k**2 + 4*k - 5*k**2 - 1 - 4 - k**3. Let r be c(3). What is the tens digit of -6*(-29)/5 + r/35?
3
Let n be (-584)/(-32) + (-5)/4. Suppose 2*x = 3*v - 10 - 21, x - v = -n. Let h(a) = -a**3 - 21*a**2 - 24*a + 5. What is the tens digit of h(x)?
8
Let u = 71951 + -15320. What is the thousands digit of u?
6
Let z = 74820 - 21186. What is the thousands digit of z?
3
Let z(s) = -1317*s - 5. Let j be z(2). What is the units digit of (-6)/(-15) - j/65?
1
Suppose 0 = b - 4*j + 19, 5*b + 5*j = 3 + 2. What is the hundreds digit of (-1816)/b*(-7 - (-34)/4)?
9
Let x(s) = -s**2 - 31*s - 32. Let q be x(-29). Let z(n) = 14*n - 17. What is the hundreds digit of z(q)?
3
Let